{"id":10,"date":"2019-04-02T20:50:57","date_gmt":"2019-04-02T18:50:57","guid":{"rendered":"http:\/\/dahlstrom.dyndns.biz:50080\/?page_id=10"},"modified":"2022-10-13T20:49:17","modified_gmt":"2022-10-13T18:49:17","slug":"rolf-lena","status":"publish","type":"page","link":"https:\/\/dahlstrom.dyndns.info\/?page_id=10","title":{"rendered":"Rolf &#038; Lena"},"content":{"rendered":"<!-- Google tag (gtag.js) -->\r\n<script async src=\"https:\/\/www.googletagmanager.com\/gtag\/js?id=G-H7T59ZSX9V\"><\/script>\r\n<script>\r\n  window.dataLayer = window.dataLayer || [];\r\n  function gtag(){dataLayer.push(arguments);}\r\n  gtag('js', new Date());\r\n\r\n  gtag('config', 'G-H7T59ZSX9V');\r\n<\/script>\r\n\r\n<table class=\"wp-block-table\"><tbody><tr><td><a href=\"mp3\/Lena_Rolf\/01 Sp\u00e5r 01.mp3\">I can&#8217;t give you anything but love<\/a> <\/td><td><a href=\"mp3\/Lena_Rolf\/09 Sp\u00e5r 09.mp3\">Ramona<\/a><\/td><\/tr><tr><td><a href=\"mp3\/Lena_Rolf\/02 Sp\u00e5r 02.mp3\">V\u00e4gen hem<\/a> <\/td><td><a href=\"mp3\/Lena_Rolf\/10 Sp\u00e5r 10.mp3\">Vi m\u00f6ts igen<\/a> <\/td><\/tr><tr><td><a href=\"mp3\/Lena_Rolf\/03 Sp\u00e5r 03.mp3\">Hemmahamn<\/a> <\/td><td><a href=\"mp3\/Lena_Rolf\/11 Sp\u00e5r 11.mp3\">Leende guldbruna \u00f6gon<\/a><\/td><\/tr><tr><td><a href=\"mp3\/Lena_Rolf\/04 Sp\u00e5r 04.mp3\">That&#8217;s allright<\/a>&nbsp; <\/td><td><a href=\"mp3\/Lena_Rolf\/12 Sp\u00e5r 12.mp3\">Kan man \u00e4lska n\u00e5n p\u00e5 avst\u00e5nd<\/a>&nbsp;<\/td><\/tr><tr><td><a href=\"mp3\/Lena_Rolf\/05 Sp\u00e5r 05.mp3\">Jag l\u00e4ngtar ut<\/a><\/td><td><a href=\"mp3\/Lena_Rolf\/13 Sp\u00e5r 13.mp3\">Regnet det bara \u00f6ser ner<\/a><\/td><\/tr><tr><td><a href=\"mp3\/Lena_Rolf\/06 Sp\u00e5r 06.mp3\">Virus och bakterier<\/a><\/td><td><a href=\"mp3\/Lena_Rolf\/14 Sp\u00e5r 14.mp3\">Jag s\u00e5g mamma kyssa tomten<\/a><\/td><\/tr><tr><td><a href=\"mp3\/Lena_Rolf\/07 Sp\u00e5r 07.mp3\">Vita moln<\/a><\/td><td><a href=\"mp3\/Lena_Rolf\/15 Sp\u00e5r 15.mp3\">Rudolf med r\u00f6da mulen<\/a><\/td><\/tr><tr><td><a href=\"mp3\/Lena_Rolf\/08 Sp\u00e5r 08.mp3\">Bad moon rising<\/a><\/td><td><\/td><\/tr><\/tbody><\/table>\r\n","protected":false},"excerpt":{"rendered":"<p>I can&#8217;t give you anything but love Ramona V\u00e4gen hem Vi m\u00f6ts igen Hemmahamn Leende guldbruna \u00f6gon That&#8217;s allright&nbsp; Kan man \u00e4lska n\u00e5n p\u00e5 avst\u00e5nd&nbsp; Jag l\u00e4ngtar ut Regnet det bara \u00f6ser ner Virus och bakterier Jag s\u00e5g mamma kyssa tomten Vita moln Rudolf med r\u00f6da mulen Bad moon rising<\/p>\n","protected":false},"author":1,"featured_media":0,"parent":0,"menu_order":0,"comment_status":"closed","ping_status":"closed","template":"","meta":{"_monsterinsights_skip_tracking":false,"_monsterinsights_sitenote_active":false,"_monsterinsights_sitenote_note":"","_monsterinsights_sitenote_category":0,"footnotes":""},"class_list":["post-10","page","type-page","status-publish","hentry"],"_links":{"self":[{"href":"https:\/\/dahlstrom.dyndns.info\/index.php?rest_route=\/wp\/v2\/pages\/10","targetHints":{"allow":["GET"]}}],"collection":[{"href":"https:\/\/dahlstrom.dyndns.info\/index.php?rest_route=\/wp\/v2\/pages"}],"about":[{"href":"https:\/\/dahlstrom.dyndns.info\/index.php?rest_route=\/wp\/v2\/types\/page"}],"author":[{"embeddable":true,"href":"https:\/\/dahlstrom.dyndns.info\/index.php?rest_route=\/wp\/v2\/users\/1"}],"replies":[{"embeddable":true,"href":"https:\/\/dahlstrom.dyndns.info\/index.php?rest_route=%2Fwp%2Fv2%2Fcomments&post=10"}],"version-history":[{"count":3,"href":"https:\/\/dahlstrom.dyndns.info\/index.php?rest_route=\/wp\/v2\/pages\/10\/revisions"}],"predecessor-version":[{"id":165,"href":"https:\/\/dahlstrom.dyndns.info\/index.php?rest_route=\/wp\/v2\/pages\/10\/revisions\/165"}],"wp:attachment":[{"href":"https:\/\/dahlstrom.dyndns.info\/index.php?rest_route=%2Fwp%2Fv2%2Fmedia&parent=10"}],"curies":[{"name":"wp","href":"https:\/\/api.w.org\/{rel}","templated":true}]}}